{"id":7,"date":"2017-09-27T08:26:13","date_gmt":"2017-09-27T08:26:13","guid":{"rendered":"http:\/\/www.erenarch.com\/\/\/?page_id=7"},"modified":"2022-08-10T10:59:31","modified_gmt":"2022-08-10T07:59:31","slug":"home","status":"publish","type":"page","link":"http:\/\/www.erenarch.com\/","title":{"rendered":"Erenler Mimarl\u0131k\/ Eren Architects"},"content":{"rendered":"\n<p>Erenler Mimarl\u0131k, \u0130brahim Eren ve \u0130mre \u00d6zbek Eren taraf\u0131ndan 2015 y\u0131l\u0131nda kurulmu\u015ftur. <br><br><em>Erenler Mimarl\u0131k Architectural Office has been established by \u0130brahim Eren and \u0130mre \u00d6zbek Eren in 2015.<\/em><\/p>\n\n\n\n<p><br><\/p>\n\n\n\n<p><strong>\u0130brahim EREN<\/strong><\/p>\n\n\n\n<p>1997 y\u0131l\u0131nda Mimar Sinan G\u00fczel Sanatlar \u00dcniversitesi Mimarl\u0131k B\u00f6l\u00fcm\u00fc\u2019nden mezun olan \u0130brahim Eren, uzun y\u0131llar yurti\u00e7inde ve yurtd\u0131\u015f\u0131nda \u00f6nemli ofisler b\u00fcnyesinde mimari tasar\u0131m, proje ve uygulamalar\u0131nda yer alm\u0131\u015ft\u0131r.<\/p>\n\n\n\n<p><em>He holds a BSc in Architecture from Mimar Sinan Fine Arts University (1997). He worked either in Turkey or different countries in different aspects of architecture; design, construction, and production. He has been working in Eren Architects since 2015.&nbsp;<\/em><\/p>\n\n\n\n<p><\/p>\n\n\n\n<p><strong>\u0130mre \u00d6ZBEK EREN<\/strong><\/p>\n\n\n\n<p><em>She is a Professor in Marmara University School of Architecture. She holds a BSc in architecture from Mimar Sinan University in 1997 and an MSc from Istanbul Technical University in 2000. She completed her Ph.D. at Mimar Sinan Fine Arts University in 2006.&nbsp;<\/em><\/p>\n\n\n\n<p><em>She has taught at Mimar Sinan Fine Arts University for long years. She instructed architectural design studio and several elective courses at bachelor\u2019s Degree. She also instructed numerous courses and studios at Architectural Design Issues Master\u2019s Degree.&nbsp;<\/em><\/p>\n\n\n\n<p><em>Her&nbsp;areas of specialization are the concept of place, architectural conservation, urban identity, socio-cultural issues and urban memory in urban life in terms of architectural design.&nbsp;<\/em><\/p>\n","protected":false},"excerpt":{"rendered":"<p>Erenler Mimarl\u0131k, \u0130brahim Eren ve \u0130mre \u00d6zbek Eren taraf\u0131ndan 2015 y\u0131l\u0131nda kurulmu\u015ftur. Erenler Mimarl\u0131k Architectural Office has been established by \u0130brahim Eren and \u0130mre \u00d6zbek Eren in 2015. \u0130brahim EREN 1997 y\u0131l\u0131nda Mimar Sinan G\u00fczel Sanatlar \u00dcniversitesi Mimarl\u0131k B\u00f6l\u00fcm\u00fc\u2019nden mezun olan \u0130brahim Eren, uzun y\u0131llar yurti\u00e7inde ve yurtd\u0131\u015f\u0131nda \u00f6nemli ofisler b\u00fcnyesinde mimari tasar\u0131m, proje ve &hellip; <\/p>\n<p class=\"link-more\"><a href=\"http:\/\/www.erenarch.com\/\" class=\"more-link\">Continue reading<span class=\"screen-reader-text\"> &#8220;Erenler Mimarl\u0131k\/ Eren Architects&#8221;<\/span><\/a><\/p>\n","protected":false},"author":1,"featured_media":0,"parent":0,"menu_order":0,"comment_status":"closed","ping_status":"closed","template":"","meta":[],"jetpack_sharing_enabled":true,"jetpack-related-posts":[],"_links":{"self":[{"href":"http:\/\/www.erenarch.com\/index.php\/wp-json\/wp\/v2\/pages\/7"}],"collection":[{"href":"http:\/\/www.erenarch.com\/index.php\/wp-json\/wp\/v2\/pages"}],"about":[{"href":"http:\/\/www.erenarch.com\/index.php\/wp-json\/wp\/v2\/types\/page"}],"author":[{"embeddable":true,"href":"http:\/\/www.erenarch.com\/index.php\/wp-json\/wp\/v2\/users\/1"}],"replies":[{"embeddable":true,"href":"http:\/\/www.erenarch.com\/index.php\/wp-json\/wp\/v2\/comments?post=7"}],"version-history":[{"count":14,"href":"http:\/\/www.erenarch.com\/index.php\/wp-json\/wp\/v2\/pages\/7\/revisions"}],"predecessor-version":[{"id":2474,"href":"http:\/\/www.erenarch.com\/index.php\/wp-json\/wp\/v2\/pages\/7\/revisions\/2474"}],"wp:attachment":[{"href":"http:\/\/www.erenarch.com\/index.php\/wp-json\/wp\/v2\/media?parent=7"}],"curies":[{"name":"wp","href":"https:\/\/api.w.org\/{rel}","templated":true}]}}