{"id":2398,"date":"2022-01-08T12:52:51","date_gmt":"2022-01-08T09:52:51","guid":{"rendered":"http:\/\/www.erenarch.com\/?page_id=2398"},"modified":"2022-01-08T13:02:06","modified_gmt":"2022-01-08T10:02:06","slug":"ic-mekan-interior","status":"publish","type":"page","link":"http:\/\/www.erenarch.com\/index.php\/ic-mekan-interior\/","title":{"rendered":"\u0130\u00c7 MEKAN\/ INTERIOR"},"content":{"rendered":"\n<p><br><\/p>\n\n\n\n<p><\/p>\n\n\n\n<p><\/p>\n\n\n\n<p>\u00c7ALI\u015eMA-YEMEK MEKANI\/ WORKING-DINING PLACE (KOZYATA\u011eI-KADIK\u00d6Y, \u0130STANBUL)<\/p>\n\n\n\n<figure class=\"wp-block-image size-large\"><a href=\"http:\/\/www.erenarch.com\/index.php\/ic-mekan-interior\/calisma-yemek-mekani-working-dining-place-kozyatagi-kadikoy-istanbul\/1e81cbaf-b50a-4081-bfcb-2e127aa7d122\/\" rel=\"http:\/\/www.erenarch.com\/index.php\/calisma-yemek-mekani-working-dining-place-kozyatagi-kadikoy-istanbul\/\"><img loading=\"lazy\" width=\"525\" height=\"318\" src=\"https:\/\/i0.wp.com\/www.erenarch.com\/wp-content\/uploads\/2022\/01\/1E81CBAF-B50A-4081-BFCB-2E127AA7D122.jpeg?resize=525%2C318\" alt=\"\" class=\"wp-image-2396\" srcset=\"https:\/\/i0.wp.com\/www.erenarch.com\/wp-content\/uploads\/2022\/01\/1E81CBAF-B50A-4081-BFCB-2E127AA7D122-scaled.jpeg?resize=1024%2C621 1024w, https:\/\/i0.wp.com\/www.erenarch.com\/wp-content\/uploads\/2022\/01\/1E81CBAF-B50A-4081-BFCB-2E127AA7D122-scaled.jpeg?resize=300%2C182 300w, https:\/\/i0.wp.com\/www.erenarch.com\/wp-content\/uploads\/2022\/01\/1E81CBAF-B50A-4081-BFCB-2E127AA7D122-scaled.jpeg?resize=768%2C466 768w, https:\/\/i0.wp.com\/www.erenarch.com\/wp-content\/uploads\/2022\/01\/1E81CBAF-B50A-4081-BFCB-2E127AA7D122-scaled.jpeg?resize=1536%2C931 1536w, https:\/\/i0.wp.com\/www.erenarch.com\/wp-content\/uploads\/2022\/01\/1E81CBAF-B50A-4081-BFCB-2E127AA7D122-scaled.jpeg?resize=2048%2C1241 2048w\" sizes=\"(max-width: 767px) 89vw, (max-width: 1000px) 54vw, (max-width: 1071px) 543px, 580px\" data-recalc-dims=\"1\" \/><\/a><\/figure>\n\n\n\n<p><br><\/p>\n\n\n\n<p>AT\u00d6LYE \u00dcSK\u00dcDAR \/ USKUDAR OFFICE (AT\u0130K VAL\u0130DE- \u00dcSK\u00dcDAR, \u0130STANBUL)<\/p>\n\n\n\n<figure class=\"wp-block-image size-large\"><a href=\"http:\/\/www.erenarch.com\/index.php\/ic-mekan-interior\/atolye\/89079baa-a15f-4f16-aa23-b331005bc98c\/\" rel=\"http:\/\/www.erenarch.com\/index.php\/ic-mekan-interior\/atolye\/\"><img loading=\"lazy\" width=\"525\" height=\"700\" src=\"https:\/\/i0.wp.com\/www.erenarch.com\/wp-content\/uploads\/2021\/12\/89079BAA-A15F-4F16-AA23-B331005BC98C.jpeg?resize=525%2C700\" alt=\"\" class=\"wp-image-1791\" srcset=\"https:\/\/i0.wp.com\/www.erenarch.com\/wp-content\/uploads\/2021\/12\/89079BAA-A15F-4F16-AA23-B331005BC98C-scaled.jpeg?resize=768%2C1024 768w, https:\/\/i0.wp.com\/www.erenarch.com\/wp-content\/uploads\/2021\/12\/89079BAA-A15F-4F16-AA23-B331005BC98C-scaled.jpeg?resize=225%2C300 225w, https:\/\/i0.wp.com\/www.erenarch.com\/wp-content\/uploads\/2021\/12\/89079BAA-A15F-4F16-AA23-B331005BC98C-scaled.jpeg?resize=1152%2C1536 1152w, https:\/\/i0.wp.com\/www.erenarch.com\/wp-content\/uploads\/2021\/12\/89079BAA-A15F-4F16-AA23-B331005BC98C-scaled.jpeg?w=1920 1920w, https:\/\/i0.wp.com\/www.erenarch.com\/wp-content\/uploads\/2021\/12\/89079BAA-A15F-4F16-AA23-B331005BC98C-scaled.jpeg?w=1050 1050w, https:\/\/i0.wp.com\/www.erenarch.com\/wp-content\/uploads\/2021\/12\/89079BAA-A15F-4F16-AA23-B331005BC98C-scaled.jpeg?w=1575 1575w\" sizes=\"(max-width: 767px) 89vw, (max-width: 1000px) 54vw, (max-width: 1071px) 543px, 580px\" data-recalc-dims=\"1\" \/><\/a><\/figure>\n","protected":false},"excerpt":{"rendered":"<p>\u00c7ALI\u015eMA-YEMEK MEKANI\/ WORKING-DINING PLACE (KOZYATA\u011eI-KADIK\u00d6Y, \u0130STANBUL) AT\u00d6LYE \u00dcSK\u00dcDAR \/ USKUDAR OFFICE (AT\u0130K VAL\u0130DE- \u00dcSK\u00dcDAR, \u0130STANBUL)<\/p>\n","protected":false},"author":1,"featured_media":0,"parent":0,"menu_order":0,"comment_status":"closed","ping_status":"closed","template":"","meta":[],"jetpack_sharing_enabled":true,"jetpack-related-posts":[],"_links":{"self":[{"href":"http:\/\/www.erenarch.com\/index.php\/wp-json\/wp\/v2\/pages\/2398"}],"collection":[{"href":"http:\/\/www.erenarch.com\/index.php\/wp-json\/wp\/v2\/pages"}],"about":[{"href":"http:\/\/www.erenarch.com\/index.php\/wp-json\/wp\/v2\/types\/page"}],"author":[{"embeddable":true,"href":"http:\/\/www.erenarch.com\/index.php\/wp-json\/wp\/v2\/users\/1"}],"replies":[{"embeddable":true,"href":"http:\/\/www.erenarch.com\/index.php\/wp-json\/wp\/v2\/comments?post=2398"}],"version-history":[{"count":5,"href":"http:\/\/www.erenarch.com\/index.php\/wp-json\/wp\/v2\/pages\/2398\/revisions"}],"predecessor-version":[{"id":2409,"href":"http:\/\/www.erenarch.com\/index.php\/wp-json\/wp\/v2\/pages\/2398\/revisions\/2409"}],"wp:attachment":[{"href":"http:\/\/www.erenarch.com\/index.php\/wp-json\/wp\/v2\/media?parent=2398"}],"curies":[{"name":"wp","href":"https:\/\/api.w.org\/{rel}","templated":true}]}}