{"id":2294,"date":"2022-01-07T15:43:38","date_gmt":"2022-01-07T12:43:38","guid":{"rendered":"http:\/\/www.erenarch.com\/?page_id=2294"},"modified":"2022-01-08T00:45:45","modified_gmt":"2022-01-07T21:45:45","slug":"forum-marmara-avam-forum-marmara-shopping-mall-istanbul","status":"publish","type":"page","link":"http:\/\/www.erenarch.com\/index.php\/erenler-mimarlik-ofisi-kurulusundan-once-cesitli-ofis-ve-firmalar-altinda-yapilan-isler-chosen-works-done-in-colloboration-within-other-offices-before-erenler-architecture\/forum-marmara-avam-forum-marmara-shopping-mall-istanbul\/","title":{"rendered":"FORUM MARMARA AVM \/FORUM MARMARA SHOPPING MALL (\u0130STANBUL)"},"content":{"rendered":"\n<p><strong>\u0130\u015e\u0130N KAPSAMI \/ WORK<\/strong><\/p>\n\n\n\n<p><em>(2010 with YALITIM COZUMLERI)<\/em><\/p>\n\n\n\n<figure class=\"wp-block-table\"><table><tbody><tr><td>Custom Design Curtain Wall Facade Systems&nbsp;&nbsp; ~26.000m2<\/td><\/tr><tr><td>Custom Design Facade Cladding Systems (Aluminum, GFRC, Structural Glass etc.)&nbsp;&nbsp; ~50.000m2<\/td><\/tr><tr><td>Custom Design Steel-Aluminium Skylight Systems&nbsp;&nbsp; ~18.000m2<\/td><\/tr><tr><td>Custom Design Structural Works&nbsp;&nbsp; ~12.000m2<\/td><\/tr><tr><td>Roof Cladding Works (Bitumious and TPO membranes; aluminium and perforated steel sheet claddings)&nbsp;&nbsp; ~52.000m2<\/td><\/tr><\/tbody><\/table><\/figure>\n\n\n\n<figure class=\"wp-block-image size-large\"><img loading=\"lazy\" width=\"525\" height=\"394\" src=\"https:\/\/i0.wp.com\/www.erenarch.com\/wp-content\/uploads\/2022\/01\/DSC06793.jpg?resize=525%2C394\" alt=\"\" class=\"wp-image-2266\" srcset=\"https:\/\/i0.wp.com\/www.erenarch.com\/wp-content\/uploads\/2022\/01\/DSC06793-scaled.jpg?resize=1024%2C768 1024w, https:\/\/i0.wp.com\/www.erenarch.com\/wp-content\/uploads\/2022\/01\/DSC06793-scaled.jpg?resize=300%2C225 300w, https:\/\/i0.wp.com\/www.erenarch.com\/wp-content\/uploads\/2022\/01\/DSC06793-scaled.jpg?resize=768%2C576 768w, https:\/\/i0.wp.com\/www.erenarch.com\/wp-content\/uploads\/2022\/01\/DSC06793-scaled.jpg?resize=1536%2C1152 1536w, https:\/\/i0.wp.com\/www.erenarch.com\/wp-content\/uploads\/2022\/01\/DSC06793-scaled.jpg?resize=2048%2C1536 2048w\" sizes=\"(max-width: 767px) 89vw, (max-width: 1000px) 54vw, (max-width: 1071px) 543px, 580px\" data-recalc-dims=\"1\" \/><\/figure>\n","protected":false},"excerpt":{"rendered":"<p>\u0130\u015e\u0130N KAPSAMI \/ WORK (2010 with YALITIM COZUMLERI) Custom Design Curtain Wall Facade Systems&nbsp;&nbsp; ~26.000m2 Custom Design Facade Cladding Systems (Aluminum, GFRC, Structural Glass etc.)&nbsp;&nbsp; ~50.000m2 Custom Design Steel-Aluminium Skylight Systems&nbsp;&nbsp; ~18.000m2 Custom Design Structural Works&nbsp;&nbsp; ~12.000m2 Roof Cladding Works (Bitumious and TPO membranes; aluminium and perforated steel sheet claddings)&nbsp;&nbsp; ~52.000m2<\/p>\n","protected":false},"author":1,"featured_media":0,"parent":2367,"menu_order":0,"comment_status":"closed","ping_status":"closed","template":"","meta":[],"jetpack_sharing_enabled":true,"jetpack-related-posts":[],"_links":{"self":[{"href":"http:\/\/www.erenarch.com\/index.php\/wp-json\/wp\/v2\/pages\/2294"}],"collection":[{"href":"http:\/\/www.erenarch.com\/index.php\/wp-json\/wp\/v2\/pages"}],"about":[{"href":"http:\/\/www.erenarch.com\/index.php\/wp-json\/wp\/v2\/types\/page"}],"author":[{"embeddable":true,"href":"http:\/\/www.erenarch.com\/index.php\/wp-json\/wp\/v2\/users\/1"}],"replies":[{"embeddable":true,"href":"http:\/\/www.erenarch.com\/index.php\/wp-json\/wp\/v2\/comments?post=2294"}],"version-history":[{"count":2,"href":"http:\/\/www.erenarch.com\/index.php\/wp-json\/wp\/v2\/pages\/2294\/revisions"}],"predecessor-version":[{"id":2299,"href":"http:\/\/www.erenarch.com\/index.php\/wp-json\/wp\/v2\/pages\/2294\/revisions\/2299"}],"up":[{"embeddable":true,"href":"http:\/\/www.erenarch.com\/index.php\/wp-json\/wp\/v2\/pages\/2367"}],"wp:attachment":[{"href":"http:\/\/www.erenarch.com\/index.php\/wp-json\/wp\/v2\/media?parent=2294"}],"curies":[{"name":"wp","href":"https:\/\/api.w.org\/{rel}","templated":true}]}}