{"id":2263,"date":"2022-01-02T18:02:05","date_gmt":"2022-01-02T15:02:05","guid":{"rendered":"http:\/\/www.erenarch.com\/?page_id=2263"},"modified":"2022-01-08T00:42:04","modified_gmt":"2022-01-07T21:42:04","slug":"forum-istanbul-avm-cati-uygulama-forum-istanbul-shopping-mall-roof-structure-istanbul","status":"publish","type":"page","link":"http:\/\/www.erenarch.com\/index.php\/erenler-mimarlik-ofisi-kurulusundan-once-cesitli-ofis-ve-firmalar-altinda-yapilan-isler-chosen-works-done-in-colloboration-within-other-offices-before-erenler-architecture\/forum-istanbul-avm-cati-uygulama-forum-istanbul-shopping-mall-roof-structure-istanbul\/","title":{"rendered":"FORUM \u0130STANBUL AVM \u00c7ATI UYGULAMA \/ FORUM ISTANBUL SHOPPING MALL ROOF STRUCTURE (\u0130STANBUL)"},"content":{"rendered":"\n<p><\/p>\n\n\n\n<p><strong>\u0130\u015e\u0130N KAPSAMI \/ WORK<\/strong><\/p>\n\n\n\n<p><em>(2004-2006 with ERA ARCHITECTURE)<\/em><\/p>\n\n\n\n<figure class=\"wp-block-table\"><table><tbody><tr><td>Design , Detailing and Site Coordination&nbsp;&nbsp; ~250.000m2<\/td><\/tr><\/tbody><\/table><\/figure>\n\n\n\n<p><em>(2008 with YALITIM COZUMLERI)<\/em><\/p>\n\n\n\n<figure class=\"wp-block-table\"><table><tbody><tr><td>Custom Design Curtain Wall Facade Systems&nbsp;&nbsp; ~25.000m2<\/td><\/tr><tr><td>Custom Design Facade Cladding Systems (Copper, Aluminum, GFRC etc.)&nbsp;&nbsp; ~45.000m2<\/td><\/tr><tr><td>Custom Design Steel-Aluminium Skylight Systems&nbsp;&nbsp; ~20.000m2<\/td><\/tr><tr><td>Custom Design ETFE Skylight Systems&nbsp;&nbsp; ~6.500m2<\/td><\/tr><tr><td>Custom Design Structural Works&nbsp;&nbsp; ~6.000m2<\/td><\/tr><tr><td>Roof Cladding Works (Bitumious, EPDM and TPO membranes; copper, aluminium and perforated steel sheet claddings)&nbsp;&nbsp; ~65.000m2<\/td><\/tr><\/tbody><\/table><\/figure>\n\n\n\n<figure class=\"wp-block-image size-large\"><img loading=\"lazy\" width=\"525\" height=\"394\" src=\"https:\/\/i0.wp.com\/www.erenarch.com\/wp-content\/uploads\/2022\/01\/DSC06247.jpg?resize=525%2C394\" alt=\"\" class=\"wp-image-2264\" srcset=\"https:\/\/i0.wp.com\/www.erenarch.com\/wp-content\/uploads\/2022\/01\/DSC06247-scaled.jpg?resize=1024%2C768 1024w, https:\/\/i0.wp.com\/www.erenarch.com\/wp-content\/uploads\/2022\/01\/DSC06247-scaled.jpg?resize=300%2C225 300w, https:\/\/i0.wp.com\/www.erenarch.com\/wp-content\/uploads\/2022\/01\/DSC06247-scaled.jpg?resize=768%2C576 768w, https:\/\/i0.wp.com\/www.erenarch.com\/wp-content\/uploads\/2022\/01\/DSC06247-scaled.jpg?resize=1536%2C1152 1536w, https:\/\/i0.wp.com\/www.erenarch.com\/wp-content\/uploads\/2022\/01\/DSC06247-scaled.jpg?resize=2048%2C1536 2048w\" sizes=\"(max-width: 767px) 89vw, (max-width: 1000px) 54vw, (max-width: 1071px) 543px, 580px\" data-recalc-dims=\"1\" \/><\/figure>\n\n\n\n<figure class=\"wp-block-image size-large\"><img loading=\"lazy\" width=\"525\" height=\"394\" src=\"https:\/\/i0.wp.com\/www.erenarch.com\/wp-content\/uploads\/2022\/01\/DSC05577.jpg?resize=525%2C394\" alt=\"\" class=\"wp-image-2265\" srcset=\"https:\/\/i0.wp.com\/www.erenarch.com\/wp-content\/uploads\/2022\/01\/DSC05577-scaled.jpg?resize=1024%2C768 1024w, https:\/\/i0.wp.com\/www.erenarch.com\/wp-content\/uploads\/2022\/01\/DSC05577-scaled.jpg?resize=300%2C225 300w, https:\/\/i0.wp.com\/www.erenarch.com\/wp-content\/uploads\/2022\/01\/DSC05577-scaled.jpg?resize=768%2C576 768w, https:\/\/i0.wp.com\/www.erenarch.com\/wp-content\/uploads\/2022\/01\/DSC05577-scaled.jpg?resize=1536%2C1152 1536w, https:\/\/i0.wp.com\/www.erenarch.com\/wp-content\/uploads\/2022\/01\/DSC05577-scaled.jpg?resize=2048%2C1536 2048w\" sizes=\"(max-width: 767px) 89vw, (max-width: 1000px) 54vw, (max-width: 1071px) 543px, 580px\" data-recalc-dims=\"1\" \/><\/figure>\n\n\n\n<figure class=\"wp-block-image size-large\"><img loading=\"lazy\" width=\"525\" height=\"394\" src=\"https:\/\/i0.wp.com\/www.erenarch.com\/wp-content\/uploads\/2022\/01\/DSC06793.jpg?resize=525%2C394\" alt=\"\" class=\"wp-image-2266\" srcset=\"https:\/\/i0.wp.com\/www.erenarch.com\/wp-content\/uploads\/2022\/01\/DSC06793-scaled.jpg?resize=1024%2C768 1024w, https:\/\/i0.wp.com\/www.erenarch.com\/wp-content\/uploads\/2022\/01\/DSC06793-scaled.jpg?resize=300%2C225 300w, https:\/\/i0.wp.com\/www.erenarch.com\/wp-content\/uploads\/2022\/01\/DSC06793-scaled.jpg?resize=768%2C576 768w, https:\/\/i0.wp.com\/www.erenarch.com\/wp-content\/uploads\/2022\/01\/DSC06793-scaled.jpg?resize=1536%2C1152 1536w, https:\/\/i0.wp.com\/www.erenarch.com\/wp-content\/uploads\/2022\/01\/DSC06793-scaled.jpg?resize=2048%2C1536 2048w\" sizes=\"(max-width: 767px) 89vw, (max-width: 1000px) 54vw, (max-width: 1071px) 543px, 580px\" data-recalc-dims=\"1\" \/><\/figure>\n\n\n\n<figure class=\"wp-block-image\"><img alt=\"\"\/><\/figure>\n\n\n\n<figure class=\"wp-block-image size-large\"><img loading=\"lazy\" width=\"525\" height=\"394\" src=\"https:\/\/i0.wp.com\/www.erenarch.com\/wp-content\/uploads\/2022\/01\/DSC06799.jpg?resize=525%2C394\" alt=\"\" class=\"wp-image-2267\" srcset=\"https:\/\/i0.wp.com\/www.erenarch.com\/wp-content\/uploads\/2022\/01\/DSC06799-scaled.jpg?resize=1024%2C768 1024w, https:\/\/i0.wp.com\/www.erenarch.com\/wp-content\/uploads\/2022\/01\/DSC06799-scaled.jpg?resize=300%2C225 300w, https:\/\/i0.wp.com\/www.erenarch.com\/wp-content\/uploads\/2022\/01\/DSC06799-scaled.jpg?resize=768%2C576 768w, https:\/\/i0.wp.com\/www.erenarch.com\/wp-content\/uploads\/2022\/01\/DSC06799-scaled.jpg?resize=1536%2C1152 1536w, https:\/\/i0.wp.com\/www.erenarch.com\/wp-content\/uploads\/2022\/01\/DSC06799-scaled.jpg?resize=2048%2C1536 2048w\" sizes=\"(max-width: 767px) 89vw, (max-width: 1000px) 54vw, (max-width: 1071px) 543px, 580px\" data-recalc-dims=\"1\" \/><\/figure>\n\n\n\n<figure class=\"wp-block-image size-large\"><img loading=\"lazy\" width=\"525\" height=\"394\" src=\"https:\/\/i0.wp.com\/www.erenarch.com\/wp-content\/uploads\/2022\/01\/DSC06076.jpg?resize=525%2C394\" alt=\"\" class=\"wp-image-2268\" srcset=\"https:\/\/i0.wp.com\/www.erenarch.com\/wp-content\/uploads\/2022\/01\/DSC06076-scaled.jpg?resize=1024%2C768 1024w, https:\/\/i0.wp.com\/www.erenarch.com\/wp-content\/uploads\/2022\/01\/DSC06076-scaled.jpg?resize=300%2C225 300w, https:\/\/i0.wp.com\/www.erenarch.com\/wp-content\/uploads\/2022\/01\/DSC06076-scaled.jpg?resize=768%2C576 768w, https:\/\/i0.wp.com\/www.erenarch.com\/wp-content\/uploads\/2022\/01\/DSC06076-scaled.jpg?resize=1536%2C1152 1536w, https:\/\/i0.wp.com\/www.erenarch.com\/wp-content\/uploads\/2022\/01\/DSC06076-scaled.jpg?resize=2048%2C1536 2048w\" sizes=\"(max-width: 767px) 89vw, (max-width: 1000px) 54vw, (max-width: 1071px) 543px, 580px\" data-recalc-dims=\"1\" \/><\/figure>\n","protected":false},"excerpt":{"rendered":"<p>\u0130\u015e\u0130N KAPSAMI \/ WORK (2004-2006 with ERA ARCHITECTURE) Design , Detailing and Site Coordination&nbsp;&nbsp; ~250.000m2 (2008 with YALITIM COZUMLERI) Custom Design Curtain Wall Facade Systems&nbsp;&nbsp; ~25.000m2 Custom Design Facade Cladding Systems (Copper, Aluminum, GFRC etc.)&nbsp;&nbsp; ~45.000m2 Custom Design Steel-Aluminium Skylight Systems&nbsp;&nbsp; ~20.000m2 Custom Design ETFE Skylight Systems&nbsp;&nbsp; ~6.500m2 Custom Design Structural Works&nbsp;&nbsp; ~6.000m2 Roof Cladding &hellip; <\/p>\n<p class=\"link-more\"><a href=\"http:\/\/www.erenarch.com\/index.php\/erenler-mimarlik-ofisi-kurulusundan-once-cesitli-ofis-ve-firmalar-altinda-yapilan-isler-chosen-works-done-in-colloboration-within-other-offices-before-erenler-architecture\/forum-istanbul-avm-cati-uygulama-forum-istanbul-shopping-mall-roof-structure-istanbul\/\" class=\"more-link\">Continue reading<span class=\"screen-reader-text\"> &#8220;FORUM \u0130STANBUL AVM \u00c7ATI UYGULAMA \/ FORUM ISTANBUL SHOPPING MALL ROOF STRUCTURE (\u0130STANBUL)&#8221;<\/span><\/a><\/p>\n","protected":false},"author":1,"featured_media":0,"parent":2367,"menu_order":0,"comment_status":"closed","ping_status":"closed","template":"","meta":[],"jetpack_sharing_enabled":true,"jetpack-related-posts":[],"_links":{"self":[{"href":"http:\/\/www.erenarch.com\/index.php\/wp-json\/wp\/v2\/pages\/2263"}],"collection":[{"href":"http:\/\/www.erenarch.com\/index.php\/wp-json\/wp\/v2\/pages"}],"about":[{"href":"http:\/\/www.erenarch.com\/index.php\/wp-json\/wp\/v2\/types\/page"}],"author":[{"embeddable":true,"href":"http:\/\/www.erenarch.com\/index.php\/wp-json\/wp\/v2\/users\/1"}],"replies":[{"embeddable":true,"href":"http:\/\/www.erenarch.com\/index.php\/wp-json\/wp\/v2\/comments?post=2263"}],"version-history":[{"count":4,"href":"http:\/\/www.erenarch.com\/index.php\/wp-json\/wp\/v2\/pages\/2263\/revisions"}],"predecessor-version":[{"id":2293,"href":"http:\/\/www.erenarch.com\/index.php\/wp-json\/wp\/v2\/pages\/2263\/revisions\/2293"}],"up":[{"embeddable":true,"href":"http:\/\/www.erenarch.com\/index.php\/wp-json\/wp\/v2\/pages\/2367"}],"wp:attachment":[{"href":"http:\/\/www.erenarch.com\/index.php\/wp-json\/wp\/v2\/media?parent=2263"}],"curies":[{"name":"wp","href":"https:\/\/api.w.org\/{rel}","templated":true}]}}